True
Is 32 a factor of 17152?
True
Does 16 divide 38176?
True
Does 69 divide 16905?
True
Does 58 divide 2027?
False
Does 183 divide 22326?
True
Does 8 divide 291?
False
Does 26 divide 6552?
True
Does 5 divide 720?
True
Is 17 a factor of 7497?
True
Does 14 divide 2184?
True
Is 40 a factor of 1124?
False
Is 7088 a multiple of 6?
False
Is 49 a factor of 1648?
False
Is 97 a factor of 64602?
True
Is 5597 a multiple of 29?
True
Is 3 a factor of 4084?
False
Is 135053 a multiple of 30?
False
Does 187 divide 7293?
True
Is 9 a factor of 2385?
True
Is 69 a factor of 2967?
True
Is 6 a factor of 2778?
True
Is 78 a factor of 787?
False
Is 5472 a multiple of 11?
False
Does 12 divide 120?
True
Is 864 a multiple of 6?
True
Is 1663 a multiple of 53?
False
Is 4351 a multiple of 19?
True
Is 82 a factor of 2870?
True
Is 27456 a multiple of 16?
True
Is 113 a factor of 1808?
True
Is 13177 a multiple of 2?
False
Is 109 a factor of 13189?
True
Does 82 divide 10414?
True
Is 29 a factor of 7823?
False
Does 110 divide 347?
False
Is 14 a factor of 1963?
False
Does 20 divide 520?
True
Is 42 a factor of 546?
True
Is 376 even?
True
Is 25 a factor of 443?
False
Is 756 a multiple of 126?
True
Is 25636 a multiple of 17?
True
Is 224 a multiple of 112?
True
Is 405 a multiple of 45?
True
Is 5 a factor of 3233?
False
Is 6 a factor of 990?
True
Is 54340 a multiple of 17?
False
Does 11 divide 594?
True
Does 77 divide 14522?
False
Does 15 divide 13623?
False
Is 170 a multiple of 11?
False
Is 10 a factor of 1390?
True
Does 7 divide 197?
False
Is 25 a factor of 8300?
True
Is 33 a factor of 3541?
False
Is 31 a factor of 845?
False
Does 71 divide 80?
False
Does 216 divide 5184?
True
Is 20 a factor of 1280?
True
Does 5 divide 70?
True
Is 17784 a multiple of 39?
True
Does 35 divide 26005?
True
Does 42 divide 1613?
False
Is 2425 a multiple of 6?
False
Is 46 a factor of 7266?
False
Does 78 divide 8112?
True
Does 15 divide 4245?
True
Is 15 a factor of 1625?
False
Does 17 divide 6553?
False
Does 11 divide 88?
True
Is 152 a factor of 26904?
True
Is 10 a factor of 50?
True
Is 8200 a multiple of 160?
False
Does 165 divide 5847?
False
Does 19 divide 3078?
True
Does 6 divide 8211?
False
Does 15 divide 435?
True
Is 15 a factor of 28441?
False
Is 46534 a multiple of 9?
False
Is 95 a factor of 25745?
True
Is 5249 a multiple of 29?
True
Does 12 divide 2184?
True
Is 23 a factor of 69?
True
Does 114 divide 41268?
True
Is 461 a multiple of 43?
False
Is 2800 a multiple of 20?
True
Is 200 a factor of 5200?
True
Does 17 divide 276?
False
Does 11 divide 286?
True
Does 270 divide 44010?
True
Is 7999 a multiple of 3?
False
Does 32 divide 1728?
True
Does 8 divide 121?
False
Is 13 a factor of 8661?
False
Is 14628 a multiple of 106?
True
Is 22 a factor of 387?
False
Does 27 divide 1512?
True
Is 65 a factor of 19565?
True
Is 16920 a multiple of 45?
True
Is 10 a factor of 5500?
True
Is 20 a factor of 29?
False
Does 14 divide 17346?
True
Is 54 a factor of 12249?
False
Is 56 a factor of 3136?
True
Is 5038 a multiple of 61?
False
Is 221 a multiple of 28?
False
Is 11716 a multiple of 58?
True
Is 24 a factor of 13086?
False
Is 34 a factor of 111?
False
Does 101 divide 2828?
True
Is 486 a multiple of 81?
True
Is 135 even?
False
Is 16 a factor of 1328?
True
Is 2013 a multiple of 26?
False
Is 11 a factor of 1014?
False
Does 96 divide 15360?
True
Does 49 divide 2107?
True
Is 13 a factor of 1670?
False
Is 9 a factor of 30417?
False
Does 2 divide 42?
True
Is 288 a multiple of 9?
True
Is 986 a multiple of 17?
True
Does 7 divide 2429?
True
Is 15 a factor of 567?
False
Is 1830 a multiple of 61?
True
Does 116 divide 16872?
False
Does 32 divide 448?
True
Is 63312 a multiple of 8?
True
Does 29 divide 8642?
True
Does 26 divide 650?
True
Does 13 divide 18889?
True
Is 1204 a multiple of 14?
True
Does 6 divide 1410?
True
Is 12 a factor of 12312?
True
Is 69124 a multiple of 393?
False
Is 2128 a multiple of 4?
True
Does 46 divide 1058?
True
Is 960 a multiple of 8?
True
Does 49 divide 1176?
True
Is 324 a multiple of 54?
True
Is 10450 a multiple of 38?
True
Is 20 a factor of 1060?
True
Does 24 divide 692?
False
Does 8 divide 5592?
True
Is 10 a factor of 9540?
True
Is 27891 a multiple of 13?
False
Is 93 a factor of 4092?
True
Is 638 a multiple of 23?
False
Is 4 a factor of 1396?
True
Is 484 a multiple of 44?
True
Is 1020 a multiple of 51?
True
Is 35 a factor of 360?
False
Is 14 a factor of 84?
True
Is 67 a factor of 94336?
True
Is 636 a multiple of 12?
True
Is 13 a factor of 12506?
True
Does 44 divide 11088?
True
Does 15 divide 2406?
False
Is 4160 a multiple of 40?
True
Is 162 a multiple of 6?
True
Does 143 divide 2717?
True
Is 696 a multiple of 9?
False
Is 22040 a multiple of 19?
True
Does 17 divide 28279?
False
Is 93 a factor of 1574?
False
Is 8 a factor of 337?
False
Is 16648 a multiple of 77?
False
Is 95 a multiple of 3?
False
Is 45954 a multiple of 37?
True
Is 148 a factor of 7548?
True
Is 26 a factor of 338?
True
Is 600 a multiple of 30?
True
Is 2177 a multiple of 24?
False
Does 26 divide 297?
False
Does 52 divide 189?
False
Is 120 a multiple of 24?
True
Does 24 divide 4733?
False
Is 24 a factor of 80928?
True
Is 123 a factor of 9717?
True
Does 39 divide 3822?
True
Is 290 a multiple of 9?
False
Does 132 divide 38544?
True
Is 2016 a multiple of 96?
True
Is 128 a multiple of 8?
True
Is 708 a multiple of 11?
False
Is 4424 a multiple of 158?
True
Does 4 divide 16800?
True
Is 704 a multiple of 16?
True
Is 28093 a multiple of 13?
True
Does 128 divide 9216?
True
Does 20 divide 104980?
True
Is 430 a multiple of 32?
False
Does 33 divide 14288?
False
Does 10 divide 140?
True
Is 151 a factor of 448?
False
Is 217 a multiple of 76?
False
Is 44 a factor of 3070?
False
Is 51216 a multiple of 97?
True
Is 23 a factor of 69?
True
Is 22 a factor of 726?
True
Is 22 a factor of 15506?
False
Is 7285 a multiple of 49?
False
Does 110 divide 3740?
True
Is 49824 a multiple of 10?
False
Is 7912 a multiple of 8?
True
Does 6 divide 650?
False
Does 126 divide 36540?
True
Does 20 divide 3356?
False
Is 1265 a multiple of 15?
False
Is 16 a factor of 6755?
False
Does 24 divide 1809?
False
Does 86 divide 516?
True
Is 14 a factor of 22914?
False
Is 21 a factor of 3297?
True
Is 245 a factor of 7417?
False
Is 306 a multiple of 34?
True
Is 8413 a multiple of 115?
False
Is 4814 a multiple of 83?
True
Is 17 a factor of 2227?
True
Is 56 a factor of 1201?
False
Is 344 a multiple of 90?
False
Is 6 a factor of 8412?
True
Does 9 divide 522?
True
Does 15 divide 10858?
False
Does 25 divide 15650?
True
Is 18 a factor of 497?
False
Is 6336 a multiple of 132?
True
Is 46001 a multiple of 157?
True
Does 19 divide 26958?
False
Does 108 divide 6113?
False
Does 8 divide 833?
False
Is 74 a factor of 8210?
False
Is 25 a factor of 104?
False
Does 2 divide 126?
True
Is 3 a factor of 294?
True
Does 3 divide 5871?
True
Is 8500 a multiple of 170?
True
Does 4 divide 63?
False
Is 13 a factor of 741?
True
Is 685 a multiple of 15?
False
Is 6 a factor of 451?
False
Is 13 a factor of 39?
True
Is 115 a factor of 42895?
True
Is 16982 a multiple of 14?
True
Is 277 a multiple of 3?
False
Is 8579 a multiple of 23?
True
Is 41 a factor of 18267?
False
Is 1884 a multiple of 157?
True
Is 36 a factor of 141?
False
Is 1478 a multiple of 5?
False
Does 17 divide 1970?
False
Does 19 divide 137?
False
Is 1500 a multiple of 15?
True
Does 2 divide 6?
True
Does 14 divide 9382?
False
Is 22 a factor of 13094?
False
Is 4345 a multiple of 8?
False
Is 17 a factor of 1872?
False
Is 554 a multiple of 9?
False
Does 12 divide 4860?
True
Is 18 a factor of 720?
True
Is 10308 a multiple of 6?
True
Does 35 divide 6790?
True
Is 5293 a multiple of 67?
True
Does 38 divide 588?
False
Does 9 divide 6669?
True
Is 38 a factor of 1321?
False
Is 32 a factor of 3376?
False
Is 1007 a multiple of 19?
True
Is 8 a factor of 10912?
True
Does 5 divide 665?
True
Is 708 a multiple of 20?
False
Is 7 a factor of 1995?
True
Is 2350 a multiple of 50?
True
Does 10 divide 4505?
False
Is 15 a factor of 334?
False
Is 10 a factor of 7243?
False
Is 1252 a multiple of 11?
False
Is 22 a factor of 3124?
True
Is 7 a factor of 511?
True
Is 13 a factor of 16777?
False
Does 4 divide 623?
False
Is 33 a factor of 462?
True
Is 559 a multiple of 22?
False
Is 24 a fact